p - 3 + 5. Calculate the highest common divisor of p and x.
1
Let k = 6 + 10. Let y be 8/(-20) - (-1444)/10. What is the greatest common divisor of k and y?
16
Suppose -i + 8*c - 3*c = 5, 4*c = i + 4. Let f be (88 - -2)/(i - -1). Suppose -f = -9*d + 8*d. Calculate the highest common factor of 18 and d.
18
Suppose 0 = 2*r + 3*r - 25. Let h = 672 - 671. Calculate the greatest common factor of h and r.
1
Suppose -2*f - 6 = 0, 2*z - 2*f = -f + 89. Let d = -550 - -980. Calculate the highest common factor of d and z.
43
Let y = 301 + -176. What is the highest common divisor of 50 and y?
25
Let v be ((-92)/4 - -3) + 2. Let n be (24/v)/(4/(-6)). Let g be 1*n + (-168)/(-6). What is the highest common divisor of 75 and g?
15
Let i be (-1)/((-328)/1660 + (-3)/(-15)). Let v = i - -690. Calculate the highest common factor of 25 and v.
25
Let j(u) = 3*u + 32. Let m be j(-11). Let i be 13 - 6 - 3 - m*7. Calculate the greatest common divisor of i and 33.
11
Let t(r) = 45*r**2 + 42*r + 108. Let v be t(-3). What is the greatest common divisor of 301 and v?
43
Suppose -55 = -2*o - 3*o. Let n(g) be the first derivative of g**2 + 51*g + 31. Let l be n(-20). Calculate the highest common divisor of l and o.
11
Let j be (2 - (-12)/(-16))*(-1 - -5). Suppose -j*c + 15*c - 270 = 0. Calculate the highest common factor of 3 and c.
3
Let m(i) = -i**3 - 3*i + 7 + 2*i + 20 - 6. Let a be m(0). What is the highest common factor of a and 42?
21
Let k be -4*(1473/(-66) + 4/(-22)). What is the highest common divisor of 135 and k?
45
Let r be 9 + -4 + (-5)/(-1). Suppose -w + 13 = -r*v + 11*v, w - 25 = -2*v. What is the highest common divisor of v and 6?
6
Let f be 1004/14 - (-14)/49. Let w(y) = -3*y + 16. Let u be w(0). Suppose u = 3*j - j. Calculate the greatest common factor of f and j.
8
Suppose -n + 90 = 5*s, -8*n + 5*s = -4*n - 310. What is the highest common divisor of n and 20?
20
Let o be (0 - -4)/(2/2). Let q(l) = -l**2 + 22*l + 7. Let g be q(12). Let w = -125 + g. What is the highest common divisor of w and o?
2
Let g = 11 + -5. Let y be 4/g + 16/12. Let r be y - -4 - (-3 - -3). What is the highest common factor of r and 3?
3
Let k be -1*3*38/(-6). Let r(l) = -2*l + 49. Let g be r(0). Suppose 4*s - 27 - g = 0. What is the greatest common factor of s and k?
19
Suppose -5*y + 430 = -4*l, -3*y - 2*l = 3*l - 295. Suppose 5*r + y + 130 = 5*u, 2*u - 5*r - 88 = 0. What is the highest common divisor of u and 11?
11
Let r be ((-15)/(-45))/(1/6). Suppose 0 = 5*n - g - 132, -r*g + 3*g + 105 = 4*n. Let m = -23 + 41. What is the highest common factor of n and m?
9
Let m = -880 - -934. Calculate the highest common factor of 126 and m.
18
Let i = 6 - 5. Let b be 2*(i + (-81)/(-6)). Let a = -13 + b. Calculate the greatest common factor of 48 and a.
16
Let y = 503 + -137. Calculate the greatest common factor of y and 6.
6
Suppose 0 = 2*v - 5 - 1. Suppose -5*n - 73 = 5*i - 13, 5*i - n = -42. Let q be -21*2/(i + v). Calculate the highest common divisor of q and 7.
7
Let g(q) = -q**3 + 18*q**2 - 16*q - 16. Let o be g(17). Let t be (-3 - (-2)/o)/(-1) - -37. Calculate the highest common divisor of 342 and t.
38
Suppose 0 = 3*x + 4*o - 45, 6*x + 2*o + 60 = 10*x. Suppose 0 = -2*r + 13 + 7. What is the highest common divisor of x and r?
5
Let c = 418 + -394. What is the greatest common factor of 216 and c?
24
Let g(i) = 3*i**3 + 2*i - 1. Let s be g(1). Suppose 2*x + 75 = 5*z + 18, x = s*z - 48. What is the highest common factor of 52 and z?
13
Suppose 5*g = -4*q + 180, -4*q = -6*g + 9*g - 116. Calculate the greatest common divisor of g and 128.
32
Let t(h) = h**3 + h**2 - 10*h + 12. Let i be t(5). Calculate the greatest common divisor of i and 7.
7
Let x = -2253 + 2264. Calculate the greatest common factor of x and 22.
11
Let m(v) = 2*v**3 - 6*v**2 + 19*v - 72. Let r be m(4). Calculate the highest common divisor of 27 and r.
9
Let s(a) = -a + 15 + 28 - 28. Let i be s(9). Calculate the highest common factor of i and 66.
6
Let v be (0 - 4) + (13 - 4). Suppose -5*q + 200 = -3*y, 0 = -v*q + 7*q + 5*y - 111. Calculate the highest common factor of q and 387.
43
Suppose -124*p + 130*p - 360 = 0. What is the greatest common factor of p and 45?
15
Let o = 8 + -3. Let q = -12 + o. Let z = 8 - q. Calculate the greatest common divisor of z and 165.
15
Let d = 534 - 498. Calculate the highest common factor of d and 2.
2
Let l(h) = -h**2 + 9*h + 6. Let a(g) = g**2 - g - 1. Let n(k) = 2*a(k) + l(k). Let u be n(-9). What is the greatest common divisor of u and 11?
11
Let w be (12/(-15))/(2/5) - -31. Let q = 99 + w. What is the highest common divisor of 16 and q?
16
Let p(b) = 2*b**2 - 41*b - 696. Let v be p(-15). What is the greatest common divisor of 328 and v?
41
Suppose 12*k - 16*k + 178 = 2*h, k - 37 = h. What is the highest common divisor of 70 and k?
14
Let u be 6/(-4)*13*2/(-3). Let n = 8 + 5. Suppose n = -0*w + w. What is the greatest common factor of w and u?
13
Let t = -106 - -425. Calculate the greatest common divisor of 29 and t.
29
Let y be 5/(-20)*(0 + -4). Let r be (y*(-5)/3)/(8/(-24)). Suppose 2*v + 3*w - 7 = 0, -v = -2*v - 2*w + 3. Calculate the highest common divisor of v and r.
5
Let d = -194 - -153. Let q = d + 101. What is the highest common factor of 12 and q?
12
Let x(i) = -2*i - 2. Let p be x(-3). Let d be (-15)/p - (-3)/(-12). Let u be 8 + 8/d*2. What is the highest common divisor of 20 and u?
4
Let p = -300 - -309. Calculate the highest common factor of 819 and p.
9
Suppose -135 = 5*z - 695. Let g be z/18 - (-10)/(-45). Let m(c) = 3*c**2 - 5*c + 2. Let n be m(g). Calculate the highest common factor of n and 16.
16
Suppose -2*g - 6*o + 130 = -9*o, -5*o = 0. What is the greatest common divisor of g and 221?
13
Suppose 2*h - 3*k = -h + 1869, 2*h - k - 1250 = 0. Let s(p) = 3*p + 24. Let x be s(11). Calculate the greatest common factor of h and x.
57
Suppose -2*q + 121 = 9*q. What is the greatest common divisor of 1067 and q?
11
Let y(c) = 76*c - 96. Let v be y(10). Calculate the highest common factor of v and 249.
83
Let f be (-1 - -2)/7 - 66120/(-210). What is the greatest common divisor of 9 and f?
9
Let c(p) = 262*p + 264. Let a be c(-1). Let g be (2/6)/(2/18). Let b = -2 + g. What is the highest common factor of b and a?
1
Let f be 2/5 - 2952/(-120). Let c = 21 - 15. Let a be (-80)/c*(-5 + -10). What is the greatest common factor of f and a?
25
Let g be ((-21)/42)/(2/4) + -216. Let o = -145 - g. Calculate the highest common factor of o and 27.
9
Suppose 7*q = 4*q + 9. Let n(x) = -x**3 + 2*x**2 + 5*x - 2. Let v be n(q). Calculate the greatest common factor of v and 32.
4
Let y = 670 - 587. What is the greatest common factor of 1909 and y?
83
Suppose k = -0*k + 2. Let i be 196/(-2 + -12) + 34. What is the greatest common divisor of k and i?
2
Let a = -100 + 52. Let z be (2/(-4))/((-4)/a). Let f = z - -13. Calculate the highest common factor of 49 and f.
7
Let a(n) = n**2 + 11*n - 5. Let t be a(-11). Let z be -4*(t + (-25)/(-10)). Let r(c) = c + 30. Let b be r(0). Calculate the greatest common divisor of b and z.
10
Let l be 105 - (-1 + 9/3). Suppose 2*k - 2*z - 242 = 0, 4*k - l = 5*z + 381. What is the highest common divisor of k and 11?
11
Suppose -q - 52 = -5*q. Suppose i - 4*d = q + 7, -3*i + 5*d + 67 = 0. Let p = 91 + -83. Calculate the greatest common factor of i and p.
8
Let q(s) = s**2 - 2*s + 22. Let a be q(0). Let r be 7*-8*22/(-8). What is the greatest common divisor of a and r?
22
Suppose 4*x - 12 - 28 = 0. Suppose -7*o - 3 + 31 = 0. Let u(f) = f + 6. Let n be u(o). Calculate the highest common factor of n and x.
10
Let w be (-240)/(-42)*(-56)/(-16). What is the highest common divisor of 1 and w?
1
Let s(g) = 9*g**3 - 3*g**2 + 2*g. Let f be -9*1/(-3) - (2 - 0). Let t be s(f). Calculate the greatest common factor of t and 1.
1
Let i be (-1 - 6) + 3 + 0. Let d be (-2)/i*0/(-1). Let n be d - 0 - (2 - 44). What is the greatest common divisor of 105 and n?
21
Suppose 0 = 5*i - 26 - 4. Let g be 15*7 + i + -7. Calculate the greatest common divisor of 13 and g.
13
Let o = -5 + 18. Suppose 24*s + 417 = 1977. Calculate the greatest common factor of o and s.
13
Suppose 3*z - w = 22, -w - 9 = 5*z - 35. Let u be ((-3)/(3*(-3)/z))/2. What is the highest common factor of u and 4?
1
Let 